 -21 + -14))?
-100
Evaluate -58 - (23 - (82 + -42)).
-41
What is (11 - (0 + 9 + -5)) + -3 - 50?
-46
-5 - ((-47 - (0 + -7 + -5)) + (0 - 1))
31
Evaluate 4 + 0 + (-4 + -56 - -3 - (-2 + 0)).
-51
Calculate (-15 - -37) + (-57 - 0) + -9.
-44
What is 1 + 47 + -50 + -97 + 158?
59
What is 0 + -1 + (-32 - -37) + 5 + 8?
17
Evaluate (-6 + 18 - 8) + -5 + 8 - (-41 + 9).
39
What is the value of -19 - (33 + (-24 - 0))?
-28
What is the value of 79 + (-20 - 95) - (4 + 2)?
-42
50 + -15 + (-26 + 3 + 12 - -5)
29
Calculate (1 + -1 - 8) + (-14 - (0 + -6)) + 17.
1
10 - 3 - (9 + (14 - (4 - -53)))
41
Calculate (-79 - -20) + 21 + 51.
13
What is the value of -2 + -22 + (15 + 3 - (-25 - -33))?
-14
6 - 4 - (-26 - (-32 + 12)) - (15 + -1)
-6
Evaluate -2 - 7 - (-7 - (11 + 0 + -11 + 4)).
2
Calculate -24 - (215 - 230 - (-2 - -8)).
-3
34 + 15 + -91 + 42
0
Evaluate 169 + -44 - (25 - -49).
51
Calculate 69 + 8 + -3 + (-152 - -144) + (-1 - 1).
64
What is 3 - (226 + -206 - (2 + 28)) - -15?
28
What is (1 - 6) + 417 + -347 + -24?
41
Evaluate -49 + (-6 - (3 - (16 + -3))) + (36 - 34).
-43
Evaluate 106 - (9 + (-31 - -58) + -13).
83
Calculate 5 - (0 - -14) - (-3 - (-11 + 34)).
17
What is the value of -9 + (-42 - -132 - 91) + (-1 - 1)?
-12
Calculate (-19 - -12) + (6 + 0 - ((-47 - 2) + 33)).
15
What is 9859 - 9860 - (1 + 39)?
-41
Calculate -100 + (60 - 2) - 13.
-55
Evaluate (-13 + 10 - 16) + (4 - -8) + 24.
17
What is the value of -7 + -10 + -6 + (-3 - (21 + -5 + -11))?
-31
What is the value of -11 + -7 + 0 + 2 + (-414 - -336)?
-94
Calculate -12 + 0 + 21 + -21 + 76 - (-2 - -2).
64
(-1 - 9) + (-187 - -170) + 6 + 5
-16
52 + 7 + 1 + 60 + -33
87
Calculate -24 + (61 - (115 + -79)).
1
What is the value of 18 + 8 + (-83 - (-2 + -17))?
-38
(-1 - (0 + -10) - 4) + 5 + (7 - -9)
26
Calculate 1 + 2 + 115 - (-106 + 66 + 15 + 34).
109
Evaluate -1 + (-1 - -17) - (-12781 - -12773).
23
Evaluate (2 - -2) + -85 + 11 + 67 - 103.
-106
Evaluate -1 - -6 - ((11 - 24) + -19).
37
Calculate 82 + -71 - (34 + (8 - 17)).
-14
What is the value of 0 + 1 - -19 - (-8 - -86 - 26 - 60)?
28
What is the value of (26 - 22) + 5 + 0 + -20 + 10?
-1
Calculate -26 + (18 - -5) + -28 - 15.
-46
-74 + -23 - (-113 + 75)
-59
Evaluate 427 + -360 + (-1 + -3 - (2 + (-2 - -3))).
60
What is the value of -1 + (-25 - (-52 - -29) - (-9 - 1)) + -74?
-67
Calculate -12 + -10 + -9 + 19.
-12
Evaluate -93 + 17 + 65 + (-82 - -1) + -6.
-98
97 - (19 - (-31 - 12))
35
-74 + 23 + -3 + (3 - -2)
-49
Calculate -2 + 1 - ((-3 - -12 - (-25 - -33)) + -19).
17
Calculate -13 - (-18 - (17 - 66)).
-44
(5 - 23 - (24 - 1)) + 4
-37
What is (-15 - -3 - 3) + (-45 - (-128 - -104))?
-36
What is (3 - -2) + 5 + -5 - (-24 - (-4 - -6))?
31
Calculate -28 - -33 - (26 + (0 - 1) - 1).
-19
29 - (37 + 18 + -35) - 15
-6
Evaluate 548 - 530 - (1 - -27) - (93 + -3).
-100
What is (98 + -50 - -8) + 4?
60
Calculate 19 - (2 - (8 + -13)) - (90 - -3).
-81
Evaluate (-10 - -1) + 0 - (907 + -945).
29
What is -41 - 2 - (65 + -58 + (0 + -4 - -2))?
-48
Evaluate 3 + 1 - 37 - (-110 + 123).
-46
What is the value of -22 - (6 - (1 - -15) - (-17 - -1))?
-28
What is the value of -61 - (-48 - -49) - -32?
-30
What is -22 - -2 - ((1 - -6) + -187 + 181)?
-21
What is -69 + 20 - (20 - 36 - (-13 - -1))?
-45
7 - (55 - (18 + 2 - (52 - 44)))
-36
What is the value of -14 + 16 + 3 + -29?
-24
Evaluate (33 + -22 + 4 - -7) + -78.
-56
What is the value of -2 - -1 - (-4 + (-35 - (4 + 5)))?
47
What is 4 + 0 + (18 + 14 - 64)?
-28
Calculate 6 + 51 - (-63 - -95).
25
2 + 227 + (8122 - 8248)
103
Evaluate (71 - 89) + (6 - 0) + 105 + 11.
104
Calculate -111 + 33 + 33 - -52.
7
Calculate 1 - -6 - (34 + 18 - -6).
-51
Evaluate 6 + (46 - (2 + 122)) + (-2 + -9 - -4).
-79
Calculate 32 + (-13 - 0) - (-1 + -30).
50
What is (-7 + 0 - (1 - -1 - 5)) + (-14013 - -14093)?
76
Evaluate (-66 - -67) + -6 + 0 - (4 + 7 - 3).
-13
Calculate 49 - (-35 + (34 - 17)).
67
Calculate -2 - (-24 + 12 - ((29 - (7 - 16)) + 5)).
53
14 - (12 - 13) - (19 - 3 - 15)
14
What is -23 - -4 - (0 - (0 - -1) - (8 + -8))?
-18
What is (14 - -1) + -1 + (28 - (6 + 6 - -23))?
7
What is the value of (1 - (-2 + 1 - -10) - (-563 + 560)) + 7?
2
What is the value of 2456 + -2530 + (79 - -4)?
9
Evaluate 1 - 26 - (284 - 302) - (0 + -94).
87
What is -212 - -89 - -140 - (4 + 39)?
-26
What is the value of 8 + (11 + 11 - 13) - (-23 + 97)?
-57
Evaluate -42 - (34 + -207 + 14 + -7).
124
What is the value of 1 + (-86 - -60) - -84?
59
(44 - (93 - 0)) + 79
30
141 - 11 - 105 - -12
37
What is 12 + -9 + 7 + -15 + (38 - -5)?
38
Evaluate -1 - 36 - (1111 + -1148).
0
29 - (166 - (29 - 33) - 29)
-112
What is the value of (-15 - -8) + 17 + 143 + -171?
-18
Calculate 40 + (35 - (-4 + 25 + -3)) + -17.
40
What is -68 + (-55 - -139) + -90?
-74
What is -30 + 73 - (8 - -49)?
-14
(-12 - (-28 - -48)) + 38
6
What is the value of -134 + (4 - -76) - (4 + -2)?
-56
Calculate 90 - ((249 - 274) + (25 - -7)).
83
Evaluate -1 + 12 - (104 - (57 - -27)).
-9
What is 224 - 400 - (3 + -98)?
-81
-10198 + 10268 + -76 + 1
-5
(-4 - (-31 + 8 + -6)) + (3 - 5 - 6)
17
Evaluate -5 - -3 - -6 - -1 - (-66 + 114).
-43
What is the value of -134 - (65 + -117 - -11)?
-93
(-59 - -140) + -72 + (-2 - 1) + 5
11
What is the value of (-4624 - -4708) + 0 + -119?
-35
What is the value of 50 + (1 - 6) + -6 + 26?
65
What is (-12 + 54 + -38 + (6 - -1) - 16) + 32?
27
What is the value of 7 - (-87 + 26 + 33)?
35
(-26 - 22) + (37 - -31)
20
Evaluate 14 + -37 + (9 - -1 - -7) + -53.
-59
Calculate 111 + 10 + -7 - (-409 - -431).
92
What is 45 - (-77 + (214 - 60))?
-32
Evaluate -3 + (-153 - -135 - (-6 + 1)) + -98.
-114
Evaluate 27 + (46 - 64) + -44.
-35
Evaluate -276 + 99 + (92 - -10).
-75
What is 2 + -11 + -4 + 3 + (41 + -29 - 30)?
-28
Calculate -3 - (7 - (-9 - -21 - (-3 + -2))).
7
Evaluate -32 - -18 - (0 + -3) - ((-56 - -114) + -71).
2
13 - (31 - 13 - 18 - -3)
10
Evaluate (-406 - -91 - -263) + (-6 - -1).
-57
Evaluate 18 + 3 + -28 + (-22 - -33) + -14.
-10
(57 - (-4 + 10 + 5)) + (2 + -7 - 4)
37
Evaluate -6 + -8 + 25 - (-6 - 11).
28
What is the value of 14 - -2 - (-78 - (-103 - -35))?
26
-30 + -24 + 90 + -162 - -36
-90
-3 - (-3 + -7) - 0 - (-93 + 94)
6
Evaluate -40 + 69 - (-115 - -13) - 43.
88
What is the value of (1 - 2) + (-14 - (-37 - -6)) + -12?
4
What is the value of 26 + (-67 - -24) - (1 - (6 - 7))?
-19
-3 + 1 + 18 - 8 - (31 - 17)
-6
Calculate (26 - (-66 + 63)) + -126 + 1.
-96
Calculate -6 + -1 + 54 + -61 - (-41 + 15 + -9).
21
(-18 - (-11 + 5)) + -34 + 15
-31
Evaluate 7 + 25 + (-8 - 5) + 9.
28
31 - (22 - (-13 + (43 - 15)))
24
What is the value of 17 - (610 - 601 - (32 - 0))?
40
What is the value of -16 - (-7 - (-25 + 61)) - 33?
-6
What is 122 + 20 - (78 - 4)?
68
49 + (-12 - -4 - -26) + -27
40
What is 27 + -23 - 4 - 26 - 34?
-60
What is (-8 + -59 - -43) + -13 + 1?
-36
(8 - 12) + (3 + (5 - 59) - -7) + 9
-39
What is the value of -18 + (-28 - (-23 + (-78 - -6)))?
49
What is (-342 - -354) + 2 + 22 + -3 + -2 + -4?
27
Evaluate (-32 - 17) + (4 + -10 + -4 - -1 - -9).
-49
What is the value of 15 + 0 + -15 + (6 - 28) + 10?
-12
What is the value of -71 + 8 + (38 - (12 + -4))?
-33
Calculate (3 - -38 - 40) + (-1 - -6).
6
What is 83 + (-73 - -8) - 51?
-33
Calculate (0 - -16) + (-4702 - -4669).
-17
What is the value of -15 - (5 + 12 + (-24 - -27))?
-35
(-20 + (6 - -5 - -2) - (5 + -85)) + 11
84
Calculate (-81 - (-12 + 4)) + 38 + 2.
-33
(-12 - -65) + 5 + (10 - 18)
50
What is the value of 29 + -10 + 16 + -22 + 7 + 7?
27
What is 19 + -19 + 6 + -1 + (-4 - -11) + 1?
13
What is the value of (670 - 615) + 2 + -25 - 44?
-12
What is the value of (45 - 14) + -2 - (-17 - (-5 + 1))?
42
What is (-91 - (-55 + (-44 - -61))) + 17?
-36
What is the value of 96 - 157 - (24 + -33)?
-52
Calculate (8 - (13 + -4) - 8) + 24 + -1.
14
What is the value of (33 + -45 + 19 - -8) + -2 + -6?
7
What is -81 - (7 - 48) - -29?
-11
-18 + (-46 + 24 + 2 - -75)
37
Evaluate 2 + -22 - (-25 + 23 + -55).
37
Evaluate 7 - (0 + 42 + 28 - (19 - 1)).
-45
(-1 + 60 - (357 - 319)) + -4
17
3 + -3 + -7 - (-1175 + 1050)
118
Calculate -23 - -163 - (-371 + 510).
1
What is -22 + 7 + 77 + 1 + -24?
39
-9 + 5 - -8 - (-17 + 33 + -114 + 15)
87
What is (-12 + 145 - 6) + 13 - 17?
123
Evaluate -128 + 127 + (-87 + -2 - (5 + -1)).
-94
24 - 37 - (0 - (-9 + (0 - 5)))
-27
-65 + (-5 + (5 - 0) - (-11 - (-33 + 27)))
-60
Evaluate 51 + (13 - 9) - (0 - 